 - (-2 + 7 - -1).
2
Calculate 3 + -1 + 4 - 10.
-4
What is the value of -8 + 0 - (8 - 11)?
-5
Calculate -5 - ((2 + -12 - 4) + 4).
5
What is (2 - ((-3 - -4) + 2)) + -3?
-4
Calculate (-2 - 0) + -3 + 3 - 1.
-3
Evaluate -1 - (10 + -10) - 5.
-6
Evaluate 1 + (2 - (2 + -4 + 5)).
0
What is the value of -8 - (-4 + -14 - -10)?
0
Evaluate -1 - (-5 + (-4 - -6 - 1)).
3
What is the value of (-4 + 1 - (1 - 4)) + -3?
-3
What is the value of -3 - -6 - 1 - (-9 - -8)?
3
Calculate 5 + 3 + -6 - -3.
5
What is the value of 0 + -1 + -9 + -9 + 24?
5
7 + -6 + 1 + -4
-2
Calculate -190 - -184 - (2 + 0).
-8
What is the value of (56 - 43) + -13 + -3?
-3
What is (-3 - 1 - -1) + (0 - 2)?
-5
What is the value of -2 - -11 - 26 - (-6 - 1)?
-10
Evaluate -3 + -2 + 2 - -4 - 0.
1
Evaluate -11 + (-1 + -9 - -4) + 11.
-6
What is (1 - -6 - (-25 + 32)) + -1?
-1
Calculate 1 + (2 - 1) + 2.
4
Evaluate -8 - -4 - 2 - (2 + -8).
0
What is 4 - (-4 - -1 - -2)?
5
Evaluate 45 + -40 + 0 + -1.
4
What is the value of -12 + 7 + 1 + 1 - -7?
4
Calculate 21 + -19 - (6 - 0).
-4
What is the value of (4 - ((2 - -7) + -4)) + -4?
-5
What is the value of -2 - (-7 - (4 + -11 - -3))?
1
5 + 2 + -2 + -8
-3
What is -1 - (-1 - (-9 + 10))?
1
What is -12 + -2 + 9 - -13 - 12?
-4
What is -4 - -3 - (1 - -3)?
-5
Calculate -14 - (-2 + -14 - -11).
-9
Calculate -3 - (-5 + 2 - 2).
2
What is -6 + 6 + 0 - (1 + 1)?
-2
Evaluate (2 - -5) + (-6 - 0).
1
3 - (1 - 2) - 8
-4
-4 + 24 + -17 - (-2 + 0)
5
-2 + -4 + (3 - -1) + 3
1
Evaluate (6 - 6) + -7 + 2.
-5
What is -4 - (-1 + -5) - (-3 - -7)?
-2
What is the value of (1 - 17) + (34 - 25)?
-7
What is 0 - (-5 - -11 - -6 - 5)?
-7
Calculate (12 - 15) + (1 - -4) - -3.
5
Evaluate -1 + (3 - (3 - 9)) + -2.
6
What is the value of 3 + (6 + 10 - 9)?
10
6 - (5 + (0 - (-2 + 6)))
5
What is the value of 6 + (12 - (18 - -6))?
-6
What is the value of -58 + 54 + (1 - 2)?
-5
What is the value of -1 + (-3 - -2) + -2?
-4
What is the value of -2 + -5 + 10 + -2?
1
What is -4 - ((3 - 6) + -2) - -5?
6
What is -3 + (-2 + 4 - (-5 + 3))?
1
Calculate -12 + (-3 - (-17 + 3)).
-1
What is the value of -2 + -1 - (4 - (2 - -8))?
3
Evaluate -1 + 1 + -1 - (167 + -167).
-1
Calculate 4 + 0 + -1 + (-48 - -39).
-6
-7 - (-4 + -5 + 6)
-4
Evaluate 73 + -81 + (1 - -2).
-5
2 + -7 + 2 + 8 + -1
4
-13 - (4 + (-22 - -14))
-9
Calculate -1 + (3 - (-3 + 0 + 4)).
1
What is the value of (10 - (9 + -4)) + -10?
-5
Evaluate 2 + (-2 - 1) - -2.
1
What is 5 + 2 - (-51 - -60)?
-2
What is the value of 2 + (-7 - 0) + (3 - 1)?
-3
Calculate (0 - -5 - 3) + 0 + 0.
2
Evaluate -4 - ((-3 - (3 + -2)) + 1).
-1
What is the value of -8 - -15 - 9 - -6?
4
Evaluate (5 - 5) + -7 + 1 + 3.
-3
What is the value of -5 + (4 - 4 - (-9 + 3))?
1
Calculate -9 + 5 + 6 + (1 - -1).
4
-4 + (4 - -7) - (3 + -1)
5
What is 6 - (4 + 0 + 4)?
-2
What is (-3 - -6) + -9 - -1?
-5
Calculate (-3 - -1) + -3 + 4 + 5.
4
Calculate (-1 - -1) + 9 - (-36 - -39).
6
What is (-11 - -18) + -2 - 10?
-5
What is -6 + 8 + (0 - 7) + 10?
5
Calculate -3 + -1 + 0 + (1 - 2).
-5
Calculate -4 + (11 - (-8 + (-3 - -12))).
6
3 - -3 - 5 - -5
6
-7 + (4 - (-19 - (-2 - 6)))
8
0 + -6 + 4 + -2
-4
Calculate -11 + -6 + (12 - 1) - -3.
-3
What is -3 + 10 - (24 + -12)?
-5
(-1 - 0 - 5) + 64 + -61
-3
Calculate 2 + 0 + (16 - 16).
2
Evaluate -8 + (7 - (5 + -1)).
-5
Calculate (-3 - -3 - 7) + 13.
6
What is the value of 15 + 11 + -21 + 2?
7
What is the value of (-3 - 0) + (4 - -2) + 2?
5
Evaluate 0 - (2 + 11) - -11.
-2
What is 13 + (-1 - 8) - -4?
8
What is the value of 11 - 5 - (6 + (-5 - -3))?
2
(1 - 10 - -10) + 1
2
What is (3 - -6) + (1 - 3) + -2?
5
Calculate -7 + 1 - (-15 - -3).
6
What is 0 + 19 + -26 + 2 + 0?
-5
What is the value of 1 - (2 + 1) - (0 - 2)?
0
Calculate -1 + 0 - (11 + -6).
-6
Calculate 2 - ((0 - 4) + 14 + -10).
2
Evaluate (-4 - -2) + (-3 - -2 - 2).
-5
What is 29 + -28 + (1 - -6) + -5?
3
What is the value of (-8 - -3) + (-1 - -1)?
-5
Evaluate 3 - (11 - 3 - 2).
-3
Evaluate 12 - (8 - 4) - 0.
8
What is 3 + -5 - (-4 - -11)?
-9
What is the value of -2 - (3 + 0 + -7)?
2
What is the value of 6 + 0 + 1 + (-2 - 3)?
2
What is -2 - (1 + 1 + -3 + 2)?
-3
What is 11 - 21 - -11 - (2 - 0)?
-1
Evaluate (0 - 0) + -13 + (-1 - -9).
-5
What is the value of 2 - (8 - (4 - -6))?
4
What is the value of -7 + 2 - (-7 + -4 + 6)?
0
Calculate -4 + 4 + 2 - (2 + -2).
2
What is (1 - -4) + (-7 + 18 - 21)?
-5
Evaluate 5 - (1 + (1 + 0 - 3)).
6
Evaluate -3 + -2 - (23 - 31).
3
Calculate 9 + -3 + (-5 - -4).
5
Evaluate 8 + (-4 - (-2 + 2)) - 2.
2
What is 1 - (2 - -2 - 6)?
3
What is 67 + -77 + (11 - 1)?
0
What is 6 - (1 - (5 - 6))?
4
(3 - 6) + (-2 - -5)
0
What is the value of -18 + 2 - -8 - -13?
5
What is the value of (-2 - (-1 + (9 - 4))) + 1?
-5
Evaluate 7 - (0 + -3 - (3 - 8)).
5
Calculate -6 + -3 + 13 + -3 + 4.
5
Calculate -6 - -16 - 8 - 11.
-9
Evaluate 11 + (-26 - -6) - 1.
-10
Calculate 13 + -8 - (-4 + 3) - 6.
0
Evaluate -1 - (-3 - 1 - -5).
-2
(-6 - -1) + -5 - -5
-5
Calculate 9 + -12 - (-4 + 0 + -2).
3
Calculate (4 + -3 - 1) + -2 + -1.
-3
What is -4 - -1 - (29 - 30)?
-2
What is 0 - (4 - (-4 - -5) - 5)?
2
Evaluate -6 + (-1 - 0 - -7 - 7).
-7
3 - (-2 - (-9 + 2))
-2
Calculate 1 - 6 - (-4 - (0 + -2)).
-3
1 - -5 - (32 + -4 + -22)
0
What is the value of (-39 - -35) + (5 - -2)?
3
-3 - (3 - (2 + 2 + -2))
-4
Calculate 4 - (5 + (-5 - -2)).
2
What is 3 - (-5 - -13 - 6)?
1
What is the value of -1 + (5 + 7 - 8)?
3
Evaluate (-6 - (-5 + 1) - -1) + 5.
4
What is 1 + (-1 - (9 + -16))?
7
Calculate 5 - (-2 - -3) - 1.
3
Calculate 12 + -9 - (-1 - 11) - 8.
7
What is the value of -10 - (-1 + (-9 - -6))?
-6
What is the value of 3 + (-2 + 5 - 0)?
6
What is the value of 1 - 2 - ((-5 - -1) + 6)?
-3
What is the value of -1 + 0 - (7 - (8 - 2))?
-2
Evaluate 12 - ((-2 - -5) + -2).
11
What is ((1 - 1) + -13 - -3) + 4?
-6
Evaluate 0 - (4 - 7 - -4) - 1.
-2
Evaluate 5 + (-2 - 2 - (6 - 10)).
5
Calculate (9 - 24) + 10 - 1.
-6
-20 + 0 + (-77 - -90)
-7
What is -1 - (-2 - -4 - -4)?
-7
Evaluate (-7 - -8) + -3 + -1 - -3.
0
-4 - -1 - (-2 - 1)
0
(1 - 3) + (4 - (4 + 3))
-5
What is the value of (-6 + -2 - -5) + 3 - -5?
5
What is (-4 - 1) + (32 - 29)?
-2
Calculate (0 - -10) + (-126 - -117).
1
What is -2 + -3 + 6 + -9 + 6?
-2
Evaluate -1 + 2 + -6 - -3.
-2
What is -4 + 4 + (0 - -5) + -1?
4
Calculate -1 - (6 - -1) - (-70 + 70).
-8
Evaluate (-5 - -5) + -5 - -6.
1
(21 - 23) + 2 + -1 + 2
1
Calculate (0 - 3) + 1 + -7 + 6.
-3
Evaluate -3 - -5 - -4 - 2 - 8.
-4
Evaluate -4 - (0 - 2) - -2 - -3.
3
Evaluate 1 - (-5 - (-6 + 6)).
6
What is the value of (-4 - (-9 - (-7 - -4))) + -1?
1
What is the value of -26 + 23 - (0 - 0 - -4)?
-7
What is the value of 0 + 8 + -3 - 9?
-4
What is 9 + -2 + -6 + 3?
4
What is the value of -8 - (5 - (17 + -5 + -3))?
-4
-4 + 9 - (5 + -3 + -3)
6
What is (0 - 8) + (-23 - -27)?
-4
Calculate -2 - (-3 - (-3 - 4)).
-6
-2 - (-8 - (0 - 1))
5
Calculate 0 + -4 - 0 - -3 - 0.
-1
Calculate (41 - 35) + -4 + -2.
0
Evaluate -19 - (2 - 5) - -8.
-8
129 + -118 + (-20 - -1)
-8
Evaluate -17 + 7 + 21 + -15.
-4
What is (5 - 1) + (9 - (22 - 9))?
0
Calculate -1 + (-12 - -1) - -4.
-8
What is the value of 0 + (-3 - (-5 + 2 + -5))?
5
Calculate 6 + (-2 - -2 - 1).
5
What is 4 - (-4 + 8) - 0?
0
What is -2 - -6 - (11 + -6 + 4)?
-5
Calculate -8 + 3 + (2 - 3).
-6
Evaluate 1 - -2 - -1 - 0.
4
What is the value of -2 - (6 + 0 - 3)?
-5
What is 0 + (0 - (8 - 15))?
7
What is 1 + 1 - 3 - -1?
0
What is the value of (-1 - (4 + -6)) + -4 - -6?
3
(13 - 9) + (-1 - 7) - -1
-3
Calculate 1 + 5 + -7 + 6.
5
What is the value of -3 + (1 + -4 - -4 - 2)?
-4
Calculate (1 - -2) + 7 + -7 + 1.
4
What is (-11 - (-3 + -25)) + -11?
6
What is 0 - 1 - -1 - (0 - 2)?
2
Evaluate -4 - (-1 - (4 - 0)).
1
Evaluate 1 + (-4 - (-4 + 2)).
-1
Evaluate 10 - (-3 + 2 - -4).
7
Evaluate (-5 - 1) + (2 - 0).
-4
Calculate 14 - 1 - (24 + -18).
7
Calculate (1 - -2) + (-137 - -130).
-4
What is 7 - ((5 - 5 - 2) + 1)?
8
Evaluate (4 - (-13 + 5)) + -4.
8
Evaluate 0 + 4 - (3 + -1 + 0).
2
(2 + 1 + 0 - 1) + -2
0
(-6 - -12) + -2 + -1 + 0
3
Calculate -2 - (-7 - 0 - -5).
0
What is 0 + 2 + (6 - 3) + -3?
2
Evaluate -1 + -8 + 4 - (-10 + 6).
-1
Evaluate 0 + -2 + 2 + 3 + 0.
3
(-5 - 1 - -9 - 5) + -4
-6
1 + 1 + 6 + -3
5
What is the value of 0 + -2 - (0 + 2 + -5)?
1
What is 2 + (4 - 9) + (2 - 1)?
-2
What is -5 - (-1 + -3 + -4)?
3
-1 - -2 - (0 - -6)
-5
What is (-3 + 1 - -3) + 1?
2
-3 - (